 = -6*b + 11*b + 330, 5*y + 4*b - 348 = 0. What is the greatest common factor of 272 and y?
68
Let z be (-20)/(-90) + (-52)/(-9). Suppose 4*d - z*d - 15 = -3*c, 2*d + 6 = 0. Let l be c/(220/(-225) + 1). What is the highest common factor of l and 54?
27
Let x = -443 + 460. What is the greatest common factor of 833 and x?
17
Suppose 0 = 3*n + 3 - 36. Let z be 15*((-8)/5 - -2). Suppose -z*i + 275 = -i. Calculate the highest common factor of i and n.
11
Let o be (-315)/6*(-32)/10. Calculate the highest common divisor of o and 24.
24
Suppose -4*b = -99 - 21. Suppose -26*u = -b*u + 36. Calculate the greatest common factor of 18 and u.
9
Let s be 9/(-6)*(-32)/6. Let k(y) = -2*y**2 + 20*y + 16. Let t be k(11). Let z(p) = -p - 2. Let l be z(t). Calculate the greatest common divisor of l and s.
4
Let d(b) = 14*b + 2. Suppose 0 = 4*u - 6*u + 2. Let o be d(u). What is the greatest common divisor of o and 2?
2
Suppose 0 = -129*d + 124*d + 160. Calculate the highest common divisor of d and 288.
32
Let f be (1 + 39)/(4/16). What is the highest common factor of 140 and f?
20
Let t(l) = 5*l**2 + 1 + 14*l**2 + 2*l + 6*l**2. Let c be t(-1). What is the highest common factor of c and 120?
24
Suppose -4 + 0 = -k. Suppose -k*u - 4*t = -124, -4*u - 3*t + 152 = 26. What is the highest common divisor of u and 22?
11
Suppose k + k = 18. Let i be (44/55)/((-1)/10). Let v = i + 11. What is the highest common divisor of v and k?
3
Let v(a) = a**2 + 5*a + 4. Let t be v(-6). Let j be (-8)/t*55*3/(-6). What is the greatest common divisor of j and 33?
11
Suppose 4*o - 95 = 97. Let f be 1/2*(1 + 11). Calculate the greatest common factor of f and o.
6
Let t = -50 - -51. Suppose 2*r = l + t, 4*r = 5*l + r - 16. What is the highest common divisor of l and 55?
5
Suppose 2*n = 5*n - 6. Let k(w) = 4*w - 14 - n*w - w. Let b be k(16). Calculate the highest common divisor of b and 18.
2
Let u(n) = -2*n**2 + 11*n + 4. Let r be u(5). Suppose 150 = -7*f + r*f. What is the highest common factor of 30 and f?
15
Suppose 0 = -25*m + 14*m + 176. Suppose -2*o = -7*o - 110. Let c = o + 38. Calculate the greatest common divisor of m and c.
16
Let o = 35 + -1. Calculate the highest common divisor of o and 153.
17
Let g(o) = -15*o - 295. Let k be g(-29). What is the greatest common factor of k and 20?
20
Suppose 102*j = 106*j - 240. Calculate the greatest common factor of j and 24.
12
Let g be 32/(-6)*(21/(-28) + -3). Suppose -8 = -4*n + 4*v, -2*v + 35 - 14 = 3*n. Suppose -n*j + 461 + 239 = 0. Calculate the greatest common divisor of g and j.
20
Let h = 34 + -29. Suppose -4*n - 36 = -h*a, -5*a - 4*n + 8 = -n. Let k(m) = 6*m**2 - 2*m - 4. Let y be k(3). What is the highest common factor of a and y?
4
Let l(x) = 7*x + 40. Let w be l(-3). Calculate the greatest common factor of 2432 and w.
19
Let z(n) = n + 3. Let x be z(1). Suppose 18 = 2*s + x*h, -30 = -6*s + 3*s - 5*h. Suppose q + s = 35. What is the highest common divisor of q and 10?
10
Suppose -2*z + x = -41, 33*z + 5*x - 103 = 29*z. Calculate the greatest common divisor of 352 and z.
22
Suppose 41 = -g + 116. What is the highest common divisor of g and 405?
15
Suppose 3*u + 2*s - 206 = -u, -5*s - 241 = -4*u. Suppose -14*b + 8*b + u = 0. Let g be (-6)/(-5) + 2/(-10). Calculate the greatest common factor of g and b.
1
Let s = 144 + -90. Suppose -w + s = w. What is the highest common divisor of 9 and w?
9
Let a(k) = -22*k + 1. Let o be a(-2). Let l be 4/(-10) + (-27)/(-5). Let n = 10 - l. Calculate the greatest common factor of o and n.
5
Let i = 605 + -283. What is the greatest common divisor of 14 and i?
14
Let h(x) = x**2 - x + 1. Let t(w) = 10*w**3 - 5*w**2 + 3*w - 4. Let b(f) = -4*h(f) - t(f). Let q be b(-1). What is the highest common factor of 70 and q?
10
Let k(v) be the first derivative of -3*v**2/2 - 16. Let a be k(-6). Calculate the greatest common factor of 9 and a.
9
Let f(c) = -2*c**2 + 46*c - 33. Let z be f(22). What is the greatest common factor of z and 33?
11
Let w(d) = 3*d + 4. Let j be w(5). Let k = 69 - j. Suppose 54 = 5*g - 5*h - 1, h - 49 = -5*g. Calculate the highest common factor of k and g.
10
Suppose 0 = -4*d - 62 + 222. Suppose -5*q - q = -6. Let l be (q + 9)*(-3 - -4). What is the greatest common factor of l and d?
10
Let f(x) = x**2 - 5*x + 28. Let v be f(5). Calculate the greatest common divisor of 105 and v.
7
Let y(r) = 2*r - 16. Let p be y(8). Suppose -3*h + 3 = p, 0*a = -3*a + 3*h + 123. Let m = a + -28. Calculate the highest common factor of 35 and m.
7
Let m be ((-7)/(-2))/(8/16). Suppose 9*j - m*j - 20 = 0. Let d(a) = 80*a**2. Let p be d(-1). What is the greatest common divisor of p and j?
10
Suppose 0 = -9*f + 8*f + 29. Let d(k) = k**3 - 29*k**2 + 2*k - 12. Let i be d(f). What is the greatest common divisor of i and 414?
46
Suppose 224 = 4*z + 44. Suppose 6*w - 5 = w. Let s be w/(((-30)/25)/(-6)). Calculate the greatest common divisor of z and s.
5
Suppose -9*k + 6*k + 4*d = -2741, -3*d = -3. Calculate the greatest common divisor of k and 30.
15
Let a = 337 - 190. Let r be (14 - 1) + (-1 - 1). Let h = 10 + r. Calculate the greatest common factor of h and a.
21
Let p be 24134/44 + 30/(-12). What is the highest common factor of 52 and p?
26
Suppose -3 = -k + 3. Suppose -2*v + k*v = 4*r + 28, -3*v - 3 = -r. Let g be ((-10)/6)/(4/r). Calculate the greatest common factor of 20 and g.
5
Let p be 51/(-85) + 246/10. Suppose 0 = 4*r + p - 40. Suppose o - 20 + r = 0. Calculate the greatest common divisor of o and 8.
8
Let z be ((-36)/10)/((-6)/60). Let i(p) = -p**3 - 9*p**2 + 19*p - 24. Let n be i(-11). Calculate the highest common divisor of z and n.
9
Let i = 10 - 11. Let m be (-3 + 1 - i)*0. Suppose -j + 4*j = 4*b - 64, m = 5*b + 5*j - 80. What is the highest common factor of 8 and b?
8
Let c be 112/(-42)*3/(-2). Suppose -5*i + 3 = -c*t, 4*t + 0*i - 4*i = 0. What is the greatest common factor of 3 and t?
3
Let j be (40/12 + 2)/((-2)/(-9)). Calculate the greatest common factor of 84 and j.
12
Let a = 1 - 4. Let b be 3*(4/a)/(-2). Suppose 30 = 2*n - r, -b*r + 61 = 5*n - r. Calculate the highest common factor of n and 104.
13
Let p(y) = -7 + 3 + y - 5. Let i be p(8). Let v be ((-4)/(-14))/(i/(-7)). Calculate the greatest common factor of v and 10.
2
Let p(z) = 21*z + 63. Let s be p(-2). Calculate the greatest common factor of s and 679.
7
Suppose -5*i + 3*i + 11 = -x, -x + 9 = 3*i. Let v be (-1)/(1/i) - -15. What is the greatest common factor of 22 and v?
11
Let d be (-6)/(((-21)/(-117))/(-7)). What is the greatest common divisor of 3 and d?
3
Suppose 5*o - 3*h = 4*o + 8, 3*o = -4*h + 76. What is the highest common factor of o and 50?
10
Suppose 0 = 5*f + 3 - 23, -128 = -3*r - 2*f. Let q be (-12)/42 - (-447)/21. Suppose -q*u = -17*u - 20. Calculate the greatest common divisor of r and u.
5
Let s(w) be the first derivative of -w**3/3 + 13*w**2/2 + 12*w + 4. Let b be 952/70 + 6/(-10). Let y be s(b). What is the highest common factor of y and 36?
12
Suppose -3*h + 27 = 3*y, -106*h + 30 = 2*y - 101*h. What is the highest common factor of y and 59?
1
Suppose 6*p - 4 = 7*p, 4*l - p - 1060 = 0. Calculate the highest common divisor of 66 and l.
66
Suppose -3*j = -2*h - 75, -5*h - 180 = -4*j - j. Let z = h - -47. Calculate the greatest common factor of z and 70.
14
Let w be (10*(-2)/(-12))/(9/27). Calculate the greatest common divisor of w and 3.
1
Suppose -1918 = -6*x - 1378. What is the greatest common divisor of x and 720?
90
Suppose 0*z - 3*z + 57 = 0. Suppose 2*u + 0*s = 5*s + 433, 5*u + 2*s - 1039 = 0. What is the highest common divisor of z and u?
19
Let b be (-204)/(-9) - 15/9. Suppose -36 = -b*g + 20*g. What is the greatest common divisor of 108 and g?
36
Let i(h) = 8*h + 2. Let y be i(11). Let j = 142 - y. What is the highest common factor of 39 and j?
13
Let j = 48 - 45. Suppose -210 + 34 = -3*r - 4*x, j*x + 76 = r. Let p(l) = 15*l**2 - 2*l - 1. Let o be p(-1). What is the greatest common divisor of r and o?
16
Suppose -2*x - 25 = -67. Let k = -13 + x. What is the greatest common factor of 16 and k?
8
Let n(c) = -c**2 + 5*c + 24. Let w be n(-9). Let p = -93 - w. What is the greatest common divisor of p and 21?
3
Let o(a) = -a**3 + 47*a**2 + 139*a. Let q be o(-3). What is the greatest common factor of 2211 and q?